).
-59
Let l(j) = j**2 + 23*j + 11. Calculate l(-19).
-65
Let l(p) = 5*p + 4. Determine l(5).
29
Let x(c) = -122*c + 856. What is x(7)?
2
Let z(f) = f**3 - 12*f**2 - f. Calculate z(12).
-12
Let f(w) = w**2 - 11*w - 5. Give f(8).
-29
Let c(o) = o**3 - 9*o**2 - 2. Give c(9).
-2
Let v(c) = 2*c**3 + 10*c**2 + 11*c - 2. Give v(-2).
0
Let c(g) = g - 2. Calculate c(-5).
-7
Let c(i) = -i**2 - 2*i - 2. Give c(-3).
-5
Let s(n) = -2*n + 2. What is s(-2)?
6
Let g(f) = -3*f**2 - 12*f + 10. Calculate g(-6).
-26
Let m(z) = 24*z + 613. Give m(-26).
-11
Let x(u) = -u**2 - 7*u - 8. What is x(-3)?
4
Let t(k) = -15*k + 9. Determine t(0).
9
Let w(j) = -j**2 - 16*j - 20. Determine w(-15).
-5
Let a(w) = 6*w - 289. Give a(51).
17
Let v(a) = -a**2 - 3*a. Determine v(6).
-54
Let r(w) = -w - 24. What is r(-10)?
-14
Let c(a) = a**2 - 5. Determine c(3).
4
Let c(z) = z**2 - 7*z - 58. Determine c(12).
2
Let p(b) = 23*b**3 + 2*b**2 + 3*b - 1. Determine p(-1).
-25
Let c(r) = -r**3 - 10*r**2 - 18*r - 16. Calculate c(-8).
0
Let h(r) = -12*r - 62. What is h(-6)?
10
Let y(a) = -a**3 + 4*a**2 + 5*a - 3. What is y(6)?
-45
Let x(r) = -r**3 - 33*r**2 + 72*r + 69. Give x(-35).
-1
Let t(c) = -82*c + 322. Give t(4).
-6
Let o(l) = l**2 - 27. Calculate o(5).
-2
Let m(r) = -r**2 - 15*r - 8. What is m(-7)?
48
Let n(o) = o**3 - 3*o**2 - 26*o + 7. Determine n(6).
-41
Let s(w) = 3*w - 52. Determine s(16).
-4
Let z(w) = w**3 - 4*w**2 - 9*w + 38. What is z(5)?
18
Let n(q) = q + 11. Determine n(-13).
-2
Let h(n) = -5*n + 5. Give h(0).
5
Let r(i) = -i**3 - 10*i**2 + 8*i - 26. Give r(-11).
7
Let u(x) = x**3 - 4*x**2 - 6*x + 2. Determine u(5).
-3
Let z(y) = -30*y + 9. Calculate z(-3).
99
Let k(p) = -9*p**2 - 2*p - 9. Determine k(-2).
-41
Let n(d) = -37*d - 205. Give n(-5).
-20
Let z(k) = -k**2 + 27*k - 17. Calculate z(18).
145
Let w(t) = -2*t**2 - 13*t. What is w(-7)?
-7
Let m(q) = -q**2 - 9*q - 5. Determine m(-8).
3
Let s(y) = y**2 + 9*y - 11. Give s(-10).
-1
Let x(a) = a**3 - 6*a**2 + 3*a - 2. Determine x(4).
-22
Let r(s) = -s**2 + 7*s + 6. What is r(10)?
-24
Let v(i) = -i**2 + 9*i - 4. What is v(5)?
16
Let x(f) = -f**3 + 8*f**2 - 6*f + 6. Determine x(7).
13
Let j(d) = 15*d**2 + 1. Give j(-1).
16
Let r(w) = w**3 + 5*w**2 + 2*w + 31. Calculate r(-6).
-17
Let y(u) = -80*u - 1115. Calculate y(-14).
5
Let f(k) = k**2 - 29*k + 72. Give f(26).
-6
Let d(v) = v**3 - 2*v**2 - v + 3. Give d(2).
1
Let u(f) = f**3 + f**2 - 5*f - 1. Give u(3).
20
Let d(i) = 3*i**2 + 8*i + 6. Give d(-4).
22
Let w(j) = 2*j + 20. Give w(-9).
2
Let s(g) = g**2 - 13*g - 6. What is s(13)?
-6
Let a(u) = 32*u + 7. Determine a(-1).
-25
Let a(j) = j + 1. What is a(-7)?
-6
Let m(x) = -29*x - 1. What is m(1)?
-30
Let c(u) = -2*u**2 + 8*u + 6. What is c(6)?
-18
Let o(m) = -m**2 + 4*m. What is o(4)?
0
Let t(f) = 20*f + 18. Determine t(-4).
-62
Let s(g) = 5*g + 23. What is s(-4)?
3
Let m(n) = -4*n - 3. What is m(3)?
-15
Let b(l) = 2*l**3 - l**2. Determine b(1).
1
Let j(l) = -47*l**3 - 5*l**2 + 2*l + 3. What is j(1)?
-47
Let j(s) = s + 6. Give j(-19).
-13
Let z(n) = -n**2 + 41*n + 5. What is z(41)?
5
Let h(r) = r**3 - 14*r**2 + 15*r + 12. What is h(13)?
38
Let z(q) = 7*q**2 + q - 2. What is z(1)?
6
Let b(c) = -14*c + 1. Calculate b(-4).
57
Let z(x) = -52*x - 1. Calculate z(0).
-1
Let b(l) = -3*l - 45. Calculate b(-14).
-3
Let g(r) = -r**3 + 2*r**2 - 42*r + 133. Calculate g(3).
-2
Let d(u) = -u**3 - 11*u**2 - 8*u + 20. Calculate d(-10).
0
Let u(i) = -9*i - 125. Determine u(-14).
1
Let y(q) = -2*q + 14. What is y(16)?
-18
Let w(v) = 8*v - 11. Determine w(4).
21
Let n(u) = 72*u - 4. Determine n(0).
-4
Let m(n) = -12*n**3 - n**2 + n - 1. Determine m(1).
-13
Let l(v) = v - 15. Give l(5).
-10
Let l(f) = f + 4. Give l(-5).
-1
Let g(d) = 12*d + 3. Calculate g(5).
63
Let l(t) = -t**3 - 4*t**2 + 23*t + 5. Determine l(-7).
-9
Let r(b) = 4*b + 20. Determine r(-8).
-12
Let q(z) = -z**3 + 14*z**2 + 8*z - 21. Determine q(14).
91
Let o(g) = -2*g**3 + 17*g**2 + 12*g - 34. Calculate o(9).
-7
Let o(v) = -v**3 - 5*v**2 - 4*v - 3. Calculate o(-4).
-3
Let w(b) = b**3 + 10*b**2 - 5*b - 14. Give w(-10).
36
Let u(w) = -w + 25. Give u(-6).
31
Let h(i) = 20*i**2 + 3*i - 2. What is h(1)?
21
Let b(d) = d**3 + 24*d**2 - 27*d - 51. Give b(-25).
-1
Let o(k) = k**2 - 3*k - 43. What is o(-5)?
-3
Let c(m) = -m**2 - 18*m - 4. What is c(-17)?
13
Let l(z) = -12*z - 16. Give l(-2).
8
Let i(q) = -5*q - 6. Determine i(-3).
9
Let i(f) = -f**3 - 11*f**2 + 4*f + 36. Give i(-11).
-8
Let y(r) = r**2 + 8*r - 44. Determine y(-12).
4
Let j(b) = 3*b - 47. Calculate j(9).
-20
Let c(j) = -j**2 - 3*j + 8. Determine c(-6).
-10
Let k(q) = -4*q + 17. What is k(12)?
-31
Let m(h) = h**3 + 8*h**2 + 4*h + 3. Calculate m(-7).
24
Let t(m) = 10*m - 33. Give t(4).
7
Let k(u) = -u**3 + u - 7. What is k(0)?
-7
Let i(h) = -h**3 + 41*h**2 + h - 27. Determine i(41).
14
Let q(z) = -2*z**2 + 32*z + 214. What is q(-5)?
4
Let n(b) = 2*b**2 - b. What is n(-2)?
10
Let m(b) = b**2 + 3*b + 1. Calculate m(-6).
19
Let n(r) = 11*r - 53. What is n(17)?
134
Let f(c) = -c**3 - 28*c**2 - 76*c - 12. Give f(-25).
13
Let q(o) = 2*o**2 + 10*o - 3. Determine q(-8).
45
Let n(c) = -c**2 - 19*c - 35. What is n(-17)?
-1
Let j(m) = -m**3 + 4*m**2 - 3*m - 2. What is j(2)?
0
Let o(p) = 2*p + 62. Calculate o(-33).
-4
Let o(m) = 2*m + 30. Calculate o(-14).
2
Let y(c) = -c**2 - 13*c - 26. Calculate y(-11).
-4
Let b(x) = -2*x + 6. What is b(12)?
-18
Let y(s) = 4*s + 58. What is y(-14)?
2
Let h(l) = 2*l**2 + l - 2. Calculate h(1).
1
Let p(a) = -a**2 + 4*a - 10. Calculate p(4).
-10
Let t(u) = 4*u**2 - 1. Give t(1).
3
Let l(x) = -2*x**3 + 4*x**2 - 2. Calculate l(-3).
88
Let v(w) = w**2 - 9*w - 11. Calculate v(11).
11
Let j(g) = g**3 - 8*g**2 + 7*g - 6. Give j(7).
-6
Let o(p) = p**3 + 3*p**2 + 4. Determine o(-3).
4
Let z(m) = -m**3 + 11*m**2 - 12*m + 24. Calculate z(10).
4
Let u(t) = 3*t - 20. What is u(4)?
-8
Let a(i) = -i**2 + 1. Determine a(-2).
-3
Let v(k) = k - 21. Determine v(-26).
-47
Let i(l) = 14*l - 1. Calculate i(-1).
-15
Let p(v) = v**2 + 8*v - 2. Determine p(-11).
31
Let s(u) = -u**2 - 17*u - 7. Determine s(-17).
-7
Let f(t) = -15*t + 15. What is f(3)?
-30
Let j(i) = -i**2 - i. Calculate j(4).
-20
Let h(m) = m**3 - 12*m**2 - 29*m + 30. Determine h(14).
16
Let b(c) = 20*c - 143. What is b(8)?
17
Let d(p) = p + 12. Calculate d(-2).
10
Let b(k) = -3*k - 36. Determine b(-11).
-3
Let f(h) = h**3 - 8*h**2 + 8*h + 6. What is f(7)?
13
Let s(i) = i**3 - 8*i**2 - 8*i - 20. Give s(9).
-11
Let y(v) = -v**3 + 6*v**2 + 2*v + 15. Calculate y(7).
-20
Let x(d) = 63*d - 449. What is x(7)?
-8
Let r(a) = 3*a - 8. Give r(8).
16
Let a(g) = g**3 - 5*g**2 - 2*g + 11. Give a(4).
-13
Let n(k) = -k**2 - 20*k + 143. Determine n(6).
-13
Let a(t) = -5*t**2 + 3*t + 2. Calculate a(-1).
-6
Let f(v) = -v**2 + 20*v - 51. Give f(13).
40
Let b(h) = h**2 + 20*h - 11. What is b(-20)?
-11
Let d(h) = -24*h**3 + 1. Give d(-1).
25
Let j(t) = -t**3 - 2*t**2 - 6*t - 2. Give j(-4).
54
Let b(s) = s**3 + 8*s**2 - 4*s - 10. Calculate b(-9).
-55
Let m(w) = w**3 - 13*w**2 + 13*w - 8. Give m(12).
4
Let v(x) = -x - 2. Calculate v(7).
-9
Let s(p) = p**3 + 13*p**2 + 3*p + 22. Calculate s(-13).
-17
Let v(j) = -j**3 + 12*j**2 - 10*j - 14. Give v(11).
-3
Let l(z) = z**3 - 10*z**2 + 6. What is l(10)?
6
Let f(j) = j**3 - 6*j**2 - 11*j + 4. What is f(6)?
-62
Let g(w) = -10*w**2 - 11*w + 10. Determine g(1).
-11
Let p(f) = -3*f**2 - 15*f - 9. Calculate p(-6).
-27
Let h(l) = -l**3 - l - 30. Calculate h(0).
-30
Let w(c) = -c**3 + 8*c**2 + 22*c - 27. Calculate w(10).
-7
Let k(o) = -5*o**3 - o**2 - o. Calculate k(-2).
38
Let t(j) = -j**3 + 6*j**2 + 3*j + 10. Calculate t(6).
28
Let m(q) = -16*q - 3. What is m(-1)?
13
Let m(q) = -q**3 - 25*q**2 + 53*q - 27. Determine m(-27).
0
Let q(y) = 6*y - 110. Give q(0).
-110
Let r(m) = -17*m**3 + m**2 - 4*m + 3. Determine r(1).
-17
Let w(u) = -u**3 + 5*u**2 + 3*u + 14. Give w(6).
-4
Let d(l) = -l**3 + 13*l**2 + 9*l + 2. Determine d(14).
-68
Let x(p) = -7*p. Calculate x(2).
-14
Let u(v) = 2*v + 57. Calculate u(-9).
39
Let a(s) = s**3 + 5*s**2 - 6*s + 5. What is a(-6)?
5
Let i(j) = j + 54. Determine i(18).
72
Let z(u) = -42*u - 425. Give z(-10).
-5
Let m(q) = -q**2 - 8*q + 7. What is m(-8)?
7
Let m(j) = 2*j - 1. Give m(3).
5
Let z(v) = -2*v**2 + 8. What is 